{"id":51970,"date":"2017-10-16T16:40:37","date_gmt":"2017-10-16T14:40:37","guid":{"rendered":"http:\/\/glas-hotel.pl\/?page_id=51970"},"modified":"2018-03-14T19:36:32","modified_gmt":"2018-03-14T18:36:32","slug":"hotel","status":"publish","type":"page","link":"http:\/\/glas-hotel.pl\/index.php\/hotel\/","title":{"rendered":"Hotel"},"content":{"rendered":"<div class=\"wpb-content-wrapper\"><p>[vc_row][vc_column width=&#8221;1\/6&#8243;][\/vc_column][vc_column width=&#8221;2\/3&#8243;][vc_column_text]<strong>Glas Hotel *** Glas Hotel ****<\/strong> to obiekt o komfortowym wyposa\u017ceniu i nowoczesnej architekturze, kt\u00f3ra \u0142\u0105czy tradycje industrialnego budynku z nowoczesno\u015bci\u0105.<\/p>\n<p>Nasz\u0105 misj\u0105 jest go\u015bci\u0107 tych, kt\u00f3rzy udaj\u0105 si\u0119 do \u017bar, \u017bagania i okolic w celach biznesowych, zapewniaj\u0105c naszym go\u015bciom komfortowe warunki noclegowe i wypoczynek z dala od miejskiego zgie\u0142ku a jednocze\u015bnie z lokalizacj\u0105 niemal w centrum \u017bar i wygodnym dojazdem z dr\u00f3g krajowych i mi\u0119dzynarodowych.<\/p>\n<p><strong>Glas Hotel *** Glas Hotel ****<\/strong> jest po\u0142o\u017cony nieopodal autostrad S3, A4, oraz A-18 \/mi\u0119dzynarodowej trasy E-36 Berlin-\u015al\u0105sk-Krak\u00f3w\/.<\/p>\n<p>&nbsp;<\/p>\n<p><strong>RESTAURACJA BAWE\u0141NA<\/strong><\/p>\n<p>Bardzo atrakcyjne po\u0142o\u017cenie lokalu w otoczeniu zieleni zach\u0119ca mieszka\u0144c\u00f3w \u017bar i przyjezdnych do relaksu i kulinarnej uczty w naszej restauracji.<\/p>\n<p>Z nami zorganizujesz:<\/p>\n<ul>\n<li>komunie i chrzciny,<\/li>\n<li>bankiety i jubileusze,<\/li>\n<li>spotkania biznesowe i szkolenia,<\/li>\n<li>imprezy firmowe,<\/li>\n<li>wernisa\u017ce,<\/li>\n<li>kameralne przyj\u0119cia w gronie przyjaci\u00f3\u0142.<\/li>\n<\/ul>\n<p>&nbsp;<\/p>\n<p><strong>GARA\u017bE I PARKING<\/strong><\/p>\n<p>Hotel dysponuje gara\u017cami oraz monitorowanym bezp\u0142atnym parkingiem niestrze\u017conym dla samochod\u00f3w osobowych oraz autokar\u00f3w.\u00a0Nie jest wymagana rezerwacja miejsca parkingowego.<\/p>\n<p>&nbsp;<\/p>\n<p><strong>OGR\u00d3D PIWNY<\/strong><\/p>\n<p>W\u00a0sezonie letnim\u00a0zapraszamy go\u015bci hotelowych ale tak\u017ce\u00a0mieszka\u0144c\u00f3w \u017bar i okolic do zielonego\u00a0ogr\u00f3dka piwnego.\u00a0W przyjaznym otoczeniu, w zaciszu ogrodu i przy szumie fontanny, mo\u017cna rozkoszowa\u0107 si\u0119 smakiem dobrego wina, \u015bwie\u017cych sok\u00f3w i\u00a0napoi\u00a0piwnych. Do dyspozycji go\u015bci w ogr\u00f3dku piwnym jest\u00a0kilkadziesi\u0105t miejsc siedz\u0105cych.<\/p>\n<p>Ogr\u00f3dek piwny otaczaj\u0105 drzewa roz\u0142o\u017cystego platanu a drewniana konstrukcja wyposa\u017cona jest w automatycznie rozsuwany dach oraz os\u0142onowe panele boczne. Gwarantuje to skuteczn\u0105 ochron\u0119 przed s\u0142o\u0144cem i niepogod\u0105.[\/vc_column_text][\/vc_column][vc_column width=&#8221;1\/6&#8243;][\/vc_column][\/vc_row][vc_row gap=&#8221;10&#8243;][vc_column width=&#8221;1\/3&#8243;][vc_single_image image=&#8221;51829&#8243; img_size=&#8221;full&#8221; alignment=&#8221;center&#8221; css_animation=&#8221;bounceInDown&#8221;][\/vc_column][vc_column width=&#8221;1\/3&#8243;][vc_single_image image=&#8221;51973&#8243; img_size=&#8221;full&#8221; alignment=&#8221;center&#8221; css_animation=&#8221;bounceInDown&#8221;][\/vc_column][vc_column width=&#8221;1\/3&#8243;][vc_single_image image=&#8221;51971&#8243; img_size=&#8221;full&#8221; alignment=&#8221;center&#8221; css_animation=&#8221;bounceInDown&#8221;][\/vc_column][\/vc_row]<\/p>\n<\/div>","protected":false},"excerpt":{"rendered":"<p>[vc_row][vc_column width=&#8221;1\/6&#8243;][\/vc_column][vc_column width=&#8221;2\/3&#8243;][vc_column_text]Glas Hotel *** Glas Hotel **** to obiekt o komfortowym wyposa\u017ceniu i nowoczesnej architekturze, kt\u00f3ra \u0142\u0105czy tradycje industrialnego budynku z nowoczesno\u015bci\u0105. Nasz\u0105 misj\u0105 jest go\u015bci\u0107 tych, kt\u00f3rzy udaj\u0105 si\u0119 do \u017bar, \u017bagania i okolic w celach biznesowych, zapewniaj\u0105c naszym go\u015bciom komfortowe warunki noclegowe i wypoczynek z dala od miejskiego zgie\u0142ku a jednocze\u015bnie z&hellip;<\/p>\n","protected":false},"author":1,"featured_media":0,"parent":0,"menu_order":0,"comment_status":"closed","ping_status":"closed","template":"","meta":{"footnotes":""},"class_list":["post-51970","page","type-page","status-publish","hentry","description-off"],"aioseo_notices":[],"_links":{"self":[{"href":"http:\/\/glas-hotel.pl\/index.php\/wp-json\/wp\/v2\/pages\/51970","targetHints":{"allow":["GET"]}}],"collection":[{"href":"http:\/\/glas-hotel.pl\/index.php\/wp-json\/wp\/v2\/pages"}],"about":[{"href":"http:\/\/glas-hotel.pl\/index.php\/wp-json\/wp\/v2\/types\/page"}],"author":[{"embeddable":true,"href":"http:\/\/glas-hotel.pl\/index.php\/wp-json\/wp\/v2\/users\/1"}],"replies":[{"embeddable":true,"href":"http:\/\/glas-hotel.pl\/index.php\/wp-json\/wp\/v2\/comments?post=51970"}],"version-history":[{"count":6,"href":"http:\/\/glas-hotel.pl\/index.php\/wp-json\/wp\/v2\/pages\/51970\/revisions"}],"predecessor-version":[{"id":52398,"href":"http:\/\/glas-hotel.pl\/index.php\/wp-json\/wp\/v2\/pages\/51970\/revisions\/52398"}],"wp:attachment":[{"href":"http:\/\/glas-hotel.pl\/index.php\/wp-json\/wp\/v2\/media?parent=51970"}],"curies":[{"name":"wp","href":"https:\/\/api.w.org\/{rel}","templated":true}]}}