{"id":51915,"date":"2017-10-15T21:02:23","date_gmt":"2017-10-15T19:02:23","guid":{"rendered":"http:\/\/glas-hotel.pl\/?page_id=51915"},"modified":"2025-01-29T10:45:02","modified_gmt":"2025-01-29T09:45:02","slug":"restauracja","status":"publish","type":"page","link":"https:\/\/glas-hotel.pl\/index.php\/restauracja\/","title":{"rendered":"Restauracja"},"content":{"rendered":"<div class=\"wpb-content-wrapper\"><p>[vc_row][vc_column width=&#8221;1\/6&#8243;][\/vc_column][vc_column width=&#8221;2\/3&#8243;][vc_column_text]<\/p>\n<p style=\"text-align: left;\">Restauracja Bawe\u0142na to wyj\u0105tkowe miejsce o niepowtarzalnym industrialnym klimacie. Mie\u015bci si\u0119 przy ul. Witosa 50 w \u017barach, w odrestaurowanym budynku po\u00a0 dawnym zak\u0142adzie w\u0142\u00f3kienniczym. Bardzo atrakcyjne po\u0142o\u017cenie lokalu w otoczeniu zieleni zach\u0119ca mieszka\u0144c\u00f3w \u017bar i przyjezdnych do relaksu i kulinarnej uczty w naszej restauracji.<\/p>\n<p style=\"text-align: left;\">Dodatkowym atutem tej lokalizacji jest du\u017ca ilo\u015b\u0107 miejsc parkingowych umo\u017cliwiaj\u0105ca sprawn\u0105 organizacj\u0119 wszelkiego rodzaju imprez i spotka\u0144 okoliczno\u015bciowych. Posiadamy w\u0142asne nag\u0142o\u015bnienie i o\u015bwietlenie oraz pe\u0142ne wyposa\u017cenie audio-wizualne, kt\u00f3re pozwala nam sprosta\u0107 organizacji spotka\u0144 biznesowych oraz innych imprez.<\/p>\n<p style=\"text-align: left;\">Z nami zorganizujesz:<\/p>\n<ul style=\"text-align: left;\">\n<li style=\"text-align: left;\">komunie i chrzciny,<\/li>\n<li style=\"text-align: left;\">bankiety i jubileusze,<\/li>\n<li style=\"text-align: left;\">spotkania biznesowe i szkolenia,<\/li>\n<li style=\"text-align: left;\">imprezy firmowe,<\/li>\n<li style=\"text-align: left;\">wernisa\u017ce,<\/li>\n<li style=\"text-align: left;\">kameralne przyj\u0119cia w gronie przyjaci\u00f3\u0142.<\/li>\n<\/ul>\n<p style=\"text-align: left;\">Nasi Klienci chwal\u0105 sobie niepowtarzalny smak pizzy przygotowanej\u00a0 w specjalnym piecu opalanym drewnem.<\/p>\n<p style=\"text-align: left;\">Gwarantujemy rzeteln\u0105 obs\u0142ug\u0119 oraz bogaty wyb\u00f3r da\u0144,\u00a0 mi\u0142\u0105 obs\u0142ug\u0119 w eleganckim wn\u0119trzu. \u00a0Dok\u0142adamy wszelkich stara\u0144 aby ca\u0142y czas poszerza\u0107 nasz\u0105 ofert\u0119 oraz dostosowywa\u0107 j\u0105 do potrzeb naszych Klient\u00f3w<\/p>\n<p style=\"text-align: left;\"><strong>Zapraszamy.<\/strong><\/p>\n<p>[\/vc_column_text][\/vc_column][vc_column width=&#8221;1\/6&#8243;][\/vc_column][\/vc_row][vc_row css=&#8221;.vc_custom_1508094787827{margin-top: 20px !important;margin-bottom: 20px !important;}&#8221;][vc_column][vc_row_inner css=&#8221;.vc_custom_1509987516243{margin-top: 10px !important;}&#8221;][vc_column_inner width=&#8221;1\/6&#8243;][\/vc_column_inner][vc_column_inner width=&#8221;1\/3&#8243;][vc_single_image image=&#8221;51920&#8243; img_size=&#8221;full&#8221; alignment=&#8221;center&#8221; onclick=&#8221;custom_link&#8221; img_link_target=&#8221;_blank&#8221; link=&#8221;http:\/\/glas-hotel.pl\/wp-content\/uploads\/2017\/11\/menu.jpg&#8221;][vc_btn title=&#8221;Pobierz PDF&#8221; size=&#8221;sm&#8221; align=&#8221;center&#8221; link=&#8221;url:%20http%3A%2F%2Fglas-hotel.pl%2Fwp-content%2Fuploads%2F2017%2F11%2Fmenu.pdf||target:%20_blank|&#8221; css=&#8221;.vc_custom_1738143891984{margin-top: 15px !important;}&#8221;][\/vc_column_inner][vc_column_inner width=&#8221;1\/6&#8243;][\/vc_column_inner][\/vc_row_inner][\/vc_column][\/vc_row][vc_row full_width=&#8221;stretch_row_content_no_spaces&#8221; gap=&#8221;5&#8243;][vc_column width=&#8221;1\/3&#8243;][vc_single_image image=&#8221;51992&#8243; img_size=&#8221;full&#8221;][\/vc_column][vc_column width=&#8221;1\/3&#8243;][vc_single_image image=&#8221;51984&#8243; img_size=&#8221;full&#8221;][\/vc_column][vc_column width=&#8221;1\/3&#8243;][vc_single_image image=&#8221;51986&#8243; img_size=&#8221;full&#8221;][\/vc_column][\/vc_row]<\/p>\n<\/div>","protected":false},"excerpt":{"rendered":"<p>[vc_row][vc_column width=&#8221;1\/6&#8243;][\/vc_column][vc_column width=&#8221;2\/3&#8243;][vc_column_text] Restauracja Bawe\u0142na to wyj\u0105tkowe miejsce o niepowtarzalnym industrialnym klimacie. Mie\u015bci si\u0119 przy ul. Witosa 50 w \u017barach, w odrestaurowanym budynku po\u00a0 dawnym zak\u0142adzie w\u0142\u00f3kienniczym. Bardzo atrakcyjne po\u0142o\u017cenie lokalu w otoczeniu zieleni zach\u0119ca mieszka\u0144c\u00f3w \u017bar i przyjezdnych do relaksu i kulinarnej uczty w naszej restauracji. Dodatkowym atutem tej lokalizacji jest du\u017ca ilo\u015b\u0107 miejsc&hellip;<\/p>\n","protected":false},"author":1,"featured_media":0,"parent":0,"menu_order":0,"comment_status":"closed","ping_status":"closed","template":"","meta":{"footnotes":""},"class_list":["post-51915","page","type-page","status-publish","hentry","description-off"],"aioseo_notices":[],"_links":{"self":[{"href":"https:\/\/glas-hotel.pl\/index.php\/wp-json\/wp\/v2\/pages\/51915","targetHints":{"allow":["GET"]}}],"collection":[{"href":"https:\/\/glas-hotel.pl\/index.php\/wp-json\/wp\/v2\/pages"}],"about":[{"href":"https:\/\/glas-hotel.pl\/index.php\/wp-json\/wp\/v2\/types\/page"}],"author":[{"embeddable":true,"href":"https:\/\/glas-hotel.pl\/index.php\/wp-json\/wp\/v2\/users\/1"}],"replies":[{"embeddable":true,"href":"https:\/\/glas-hotel.pl\/index.php\/wp-json\/wp\/v2\/comments?post=51915"}],"version-history":[{"count":41,"href":"https:\/\/glas-hotel.pl\/index.php\/wp-json\/wp\/v2\/pages\/51915\/revisions"}],"predecessor-version":[{"id":52545,"href":"https:\/\/glas-hotel.pl\/index.php\/wp-json\/wp\/v2\/pages\/51915\/revisions\/52545"}],"wp:attachment":[{"href":"https:\/\/glas-hotel.pl\/index.php\/wp-json\/wp\/v2\/media?parent=51915"}],"curies":[{"name":"wp","href":"https:\/\/api.w.org\/{rel}","templated":true}]}}